s)?
1
Suppose 83*d - 75*d = 56. Let j(w) = w**3 - 7*w**2 - 5*w. Calculate j(d).
-35
Let v be (-1)/(-3) - (-40)/6. Let b(z) = -z**3 + 8*z**2 - 6*z - 1. Let u be b(v). Suppose 0 = 2*h + 2 - u. Let y(w) = 4*w. Give y(h).
8
Let p(q) = -q**3 + 10*q**2 + 8*q - 14. Let l(m) = 2*m**2 - 2. Let j(b) = 2*l(b) - p(b). Give j(7).
3
Let p(a) = a**2 + 4. Let d be (-6)/3*-1*2. Suppose n = d*n. Determine p(n).
4
Let z(b) = 2*b**3 - 5*b**2 - b + 1. Let n(m) = 3*m**3 - 6*m**2 - 2*m + 2. Let k(i) = 3*n(i) - 4*z(i). Let a be (-9 - -1)/(1 + -2). Let c = a + -11. Give k(c).
-1
Let w(d) = -6*d**2 + 9 + 362*d**3 - 7*d - 361*d**3 - 17. Calculate w(7).
-8
Suppose -4*m = -m + 6. Let r(x) be the first derivative of x**3/3 - 13. Calculate r(m).
4
Let y(s) = 8*s**2 - 8*s. Let h(v) = v**2 + v. Let d(l) = -8*h(l) - y(l). Let t be 0 + 14/49 + (-10)/(-14). Calculate d(t).
-16
Let d(k) be the first derivative of k + 1/3*k**3 + 4 + 4*k**2. Suppose -4*s - 16 = y, 0 = -3*s - 5*y + 3*y - 7. What is d(s)?
-14
Let t(p) = -2*p + 2. Let s(m) = m - 1. Let o(h) = -5*s(h) - t(h). Give o(4).
-9
Let y(n) = -8*n. Suppose -4 = t - 5*t. Let z be 6/(72/(-10)) + t/(-6). Calculate y(z).
8
Let v(w) be the second derivative of w**5/20 - w**4/4 - 5*w**2/2 + 115*w. What is v(3)?
-5
Let w be (10 + -10)/(0 + -2). Let z(y) = -y**2 - 6*y + 8*y + y**3 - 12 - y. Calculate z(w).
-12
Let a(v) = v - 5. Suppose w = -c, -12 = -5*c - 4*w + 3*w. Suppose -4*q + 3*h = -19, c*q - h - 12 = -4. Let l be q - (-1 + -3 - 1). What is a(l)?
1
Let t(w) = -3*w**2 - 3*w - 2. Let f(n) = 13*n**2 + 13*n + 8. Let j(b) = -2*f(b) - 9*t(b). Let h = -110 + 110. Calculate j(h).
2
Suppose -34*k + 12 = -37*k. Let c(f) = -f**2 - 5*f - 5. Determine c(k).
-1
Let y(m) = 2*m - 2. Let w be (6 - 2) + 15*(-14)/(-70). Calculate y(w).
12
Let o(g) = -22 + g - 2*g + 15 - 9. What is o(-17)?
1
Let o(i) = 7*i - 6. Let x be 5/(5*(-1)/(-2)). Calculate o(x).
8
Let m(o) = -6*o**2 + 3*o + 3. Let u = -565 - -563. What is m(u)?
-27
Let d(c) be the first derivative of c**4/4 - 2*c**3/3 - c**2 - 1. Suppose 7 = -5*h - 3. Determine d(h).
-12
Suppose 4*i + 8 = -8. Let o(z) be the first derivative of z**3/6 + z**2 - 2*z - 1. Let m(b) be the first derivative of o(b). What is m(i)?
-2
Let a(p) = -2*p**2 - 8*p + 18. Let u(f) be the first derivative of -f**3/3 - 2*f**2 + 8*f + 52. Let j(k) = 4*a(k) - 9*u(k). Calculate j(-3).
-3
Let n(p) be the third derivative of p**6/120 + 2*p**5/15 + p**4/4 - p**3/2 - 531*p**2. Give n(-7).
4
Let c be -1 - -2*(-6)/(-4). Let x(l) = 12 - 15 - l**c + 0*l**2. Let k be x(0). Let j(m) = -2*m**2 - 4*m. Determine j(k).
-6
Let l = -10 - -6. Let s = 1 + l. Let c(f) = f**3 + 4*f**2 + 4*f + 2. What is c(s)?
-1
Let b(a) = -a**3 - a**2 - 3*a + 6. Let x(f) = -f**2 - 5*f + 1 - f**3 + 6*f - 2*f. Let q(c) = b(c) - 2*x(c). What is q(-3)?
-11
Let n(v) be the second derivative of -v**4/2 - v**2/2 + v. Let z be (-2 + 5 + -1 - -2) + -3. Give n(z).
-7
Let f(y) = -y**3 - 6*y**2 + 11*y + 10. Let q be -2 + (-32)/(-4) - 4. Let n be ((-10)/(-4) - q)/(2/(-28)). Give f(n).
-18
Let p(w) = w**3 - 3*w**2 + 4*w - 3. Suppose 5 - 8 = a. Let g(s) = -3*s - 4. Let c be g(-3). Let l = a + c. Determine p(l).
1
Let b be 2/1 + (21 - 2). Suppose -u - 4*k + b = 0, k + k = -5*u + 33. Let q(c) be the second derivative of -c**3/6 - c**2/2 - 1715*c. Give q(u).
-6
Let z(i) = i**3 + 10*i**2 + 9*i - 5. Suppose -4*b + b = 5*p + 17, b + 4*p + 8 = 0. Let u be b/(-6)*216/(-16). Determine z(u).
-5
Let x(i) be the second derivative of 7/6*i**3 + 2*i + 0*i**2 + 0 + 5/12*i**4 - 1/20*i**5. Calculate x(6).
6
Let r(y) = y**3 - 3*y**2 - y. Let w(q) = -q**2 + 7*q - 4. Let p be w(6). Suppose 2*d = m, 2 = p*m - 2*d - 0*d. Suppose -z + 5 = m. Calculate r(z).
-3
Let c(i) = -4*i**2 + 12*i - 6. Let z(u) = -5*u**2 + 13*u - 6. Let j(s) = -s**2 - 10*s - 6. Let p be j(-9). Let d(a) = p*z(a) - 4*c(a). Determine d(4).
-14
Let p(d) = 11*d - 9. Suppose 66 = 1289*x - 1278*x. Determine p(x).
57
Let o(q) = -q**3 - 11*q**2 + q + 12. Suppose 47*d = 6*d - 451. What is o(d)?
1
Let v(k) be the first derivative of 3/2*k**2 + 0*k + 1/60*k**5 + 1 + 0*k**3 + 1/8*k**4. Let j(l) be the second derivative of v(l). Give j(-3).
0
Let q(y) = 5*y - 8. Let t(l) = -3*l + l + 1 + l. Let h(o) = q(o) + 4*t(o). Let f be 5*(2 + (-12)/10). What is h(f)?
0
Let j = 10 - 6. Suppose -5*f + 5*x - 3*x = -22, j*f = -x + 28. Suppose 0 = 4*l + 2 + f. Let u(r) = r**3 + r**2 + 2. What is u(l)?
-2
Let r(h) = -h - 5. Suppose 3*k = 4*g + 3, 5*g = 4*k + g - 8. Let p = 57 + -30. Suppose -7 = -k*b - p. Calculate r(b).
-1
Suppose 5*v = 2*o - 12, 4*v = -18*o + 21*o - 18. Let p(l) = -3 + 3 - 2*l. Calculate p(o).
-12
Let q(i) be the third derivative of i**4/24 - 5*i**3/6 + 2*i**2 + 94. Let u be 1/(2 - 22/12). What is q(u)?
1
Let t(p) = -5 + 13*p + 20*p - 1020*p**2 - 24*p + 1019*p**2. Give t(8).
3
Let q(i) = -i**2 - 7*i - 2. Suppose -26*g = -23*g + 12. Calculate q(g).
10
Let c(o) = 2*o**2 + 1. Let j = -25 + 26. Let s be c(j). Let z(k) = 8*k**s + 6*k + 4 + 7*k**2 + 10*k**3 - 17*k**3. What is z(-6)?
4
Let r(k) = -k**3 - 2*k**2 + 3*k - 3. Let f(w) = 8*w**2 - 24*w - 3. Let l be f(3). Determine r(l).
-3
Let l(m) = -113*m + 0*m**2 + 0*m**3 + 97*m - 19 + 18*m**2 - m**3. What is l(17)?
-2
Let s(a) = a**2 + 9*a + 14. Let h be s(-4). Let x(u) = 4*u + 21. Let c be x(h). Let o(z) = 3*z + 4. Calculate o(c).
-5
Let c be ((-165)/(-10))/11 + (-1)/(-2). Let g(b) = -1 - c*b - 4 + 5 + 2. Give g(5).
-8
Let p(f) = 2*f**2 + 5*f - 2. Let w be p(4). Let q(t) = -49*t - t**2 + w*t - t**2. Give q(-2).
-10
Let m(c) be the second derivative of -c**4/12 + c**3/6 - 2*c. Let b(t) = t**3 + 5*t**2 - t - 4. Let v be -8 - (-2 + -2 + 1). Let z be b(v). What is m(z)?
0
Let z(r) = r**2 - 5*r + 4. Suppose 0*a + a = 4. Suppose 6*g = a*p + 2*g, -4*g = -16. Give z(p).
0
Let c = -12 + 20. Let h(b) = 2*b**2 + 9*b + 11. Let v be h(-3). Let l(s) = -2*s + 0*s**2 + c*s - s + s**v. Give l(-5).
0
Suppose -7 + 8 = q. Let b(k) = k + 1. Give b(q).
2
Let s(v) = -v + 4. Let f(y) = 5*y - 4. Let z(t) = -t. Let p(w) = -f(w) - 4*z(w). Let i(c) = -2*p(c) + 3*s(c). What is i(0)?
4
Let s(q) be the first derivative of q**5/120 + 5*q**4/24 - 11*q**3/3 + 12. Let v(w) be the third derivative of s(w). Calculate v(-8).
-3
Suppose -v = -5*g + 8, -5*v = 4*g - 37 - 10. Suppose 24*i = 25*i - v. Let p(w) = w**2 - 6*w + 8. Calculate p(i).
15
Let x(b) = b - 1. Let l be x(-4). Let z(d) = d. Let n(h) = -h - 7. Let t(m) = n(m) + 4*z(m). Calculate t(l).
-22
Let b(a) = -11*a**2 - 2*a - 2. Let p(i) = 30*i**2 + 4*i + 5. Let v(z) = -8*b(z) - 3*p(z). Calculate v(4).
-15
Let q(k) be the second derivative of -k**3 - k**2/2 - k. Suppose -5*w - 95 = -0*w. Let v = 17 + w. What is q(v)?
11
Suppose 4*g - 3*a = -260, 3*g + 356 = -2*g - 4*a. Let b be ((-4)/6)/(7/(g - -5)). Let q(d) = d**2 - 7*d + 4. Calculate q(b).
-2
Let q = 59 - 69. Let y(k) = k + 13. Calculate y(q).
3
Let i(x) = -4*x - 9. Let s(t) = -7*t - 17. Let u(o) = -5*i(o) + 3*s(o). Suppose -1137 = 11*m + 810. Let h = 173 + m. Calculate u(h).
-2
Let h(p) = 4*p - 4. Let o be h(4). Let r(s) = -5873*s + s**2 - 14*s**2 + s**3 + 4 + 2939*s + 2946*s. Give r(o).
4
Let g(c) = 9*c**3 - 2*c**2 - c + 8. Let y(h) = -19*h**3 + 4*h**2 + 2*h - 17. Let m(w) = -13*g(w) - 6*y(w). Suppose 94 - 66 = 14*q. Determine m(q).
-16
Suppose -5*n = -3*y - 45, 4*n - 4 + 19 = -y. Let k = -13 - y. Let l(m) = -m**2 + 2*m**2 + k*m - 2*m**2 + 5 - 8*m. Give l(-6).
5
Let j(d) = -29*d**3 + 13*d**2 + 13*d + 24. Let v(a) = -14*a**3 + 6*a**2 + 6*a + 11. Let r(y) = 6*j(y) - 13*v(y). Calculate r(-1).
-7
Let t(j) be the third derivative of j**6/120 + j**5/12 - 5*j**4/24 + 2*j**3/3 + 3*j**2. Determine t(-5).
29
Let m(o) = 2*o + 2. Let i(h) = 2*h + 2. Let g be 14/63 + (-2)/(-18)*-47. Let a(p) = g*m(p) + 6*i(p). Calculate a(-6).
-10
Let q(p) be the second derivative of p**4/6 - 7*p**3/6 - p**2 - 47*p - 39. Suppose -2*a = -3*a + 3. Suppose -a*w = 2*w - 25. What is q(w)?
13
Let m = 93 + -106. Let n(i) = i - 7. Let h(p) be the first derivative of p**2 - 15*p + 1. Let x(t) = m*n(t) + 6*h(t). What is x(5)?
-4
Let b(o) be the third derivative of -11/6*o**3 + 1/60*o**5 + 27*o**2 + 0*o + 0 - 7/24*o**4. Determine b(9).
7
Let b(j) be the first derivative of -j**3/3 + 3*j**2/2 + 4*j + 2. Give b(4).
0
Let r(m) = -4*m + 1. Let x(v) = 3*v + 2. Let t(